 + 3. Let i(j) = 9*j - 4. Let n(z) = 8*i(z) + 5*l(z). Calculate n(8).
-1
Let s(m) be the second derivative of m**3/6 - 5*m**2/2 + 67*m. Give s(-4).
-9
Let i(x) = -3*x + 5. Let k(b) = -1. Let h(f) = i(f) + 6*k(f). Suppose -3*v + 9 = -3. Suppose 4*q = 3*w + 13 - 3, -q = v*w - 12. Calculate h(q).
-13
Let w(d) = -18 + 7 - 7*d - 34 + 3*d. What is w(-13)?
7
Let g(l) = l**2 - 2*l - 2. Let f(h) = h**2 - 5*h + 5. Let k be f(5). Let w = k - 3. What is g(w)?
-2
Let w(h) be the first derivative of -3*h**6/40 - h**4/24 - h**3/6 + 18*h**2 - 5. Let t(n) be the second derivative of w(n). Give t(-1).
9
Let k = -12 - -15. Suppose -k*q = -0*q - 9. Let f(x) be the first derivative of -x**2/2 + 7*x - 12. What is f(q)?
4
Let i be -2 + 2 - 5*-1. Let p(k) = -k + 3*k**2 + 2*k - 3*k**3 - 4 + 4*k**3 - i*k. What is p(-4)?
-4
Suppose p - 98 = -4*v, -4*p = v + 4*v - 117. Suppose 6*n - v = n. Suppose 10 = 4*b + d - n, -3*b - 3*d + 9 = 0. Let m(i) = -i**3 + 4*i**2 - i + 5. What is m(b)?
1
Let g be -2 + -1 - -6*(-4)/(-8). Let a(q) = q**3 + 0 + g*q**2 - 7 - q**2 - 1. What is a(0)?
-8
Suppose w + 2*p = 0, 12 = 2*p + 2*p. Let k(q) = -138*q + 9. Let h(a) = -52*a + 3. Let g(t) = 8*h(t) - 3*k(t). Calculate g(w).
9
Let d(m) be the first derivative of 5*m**2/2 - 17. What is d(1)?
5
Let x(i) = -16*i**3 + 20*i**2 - 17*i - 29. Let m(d) = -21*d**3 + 20*d**2 - 17*d - 28. Let p(l) = -3*m(l) + 4*x(l). Calculate p(19).
6
Let t(c) = -25*c**3 + 2*c**2 - 2*c + 1. Let y(w) = 7*w**2 - 20*w - 74. Let o be y(5). Determine t(o).
-24
Let r(s) = -2*s**2 - 8. Suppose -5*u + 13 = -17. Let a(d) = -2*d**2 - 9. Let p(v) = u*a(v) - 7*r(v). Suppose i + 1 = -1. Calculate p(i).
10
Let h(u) = 3*u + 1. Suppose 5*b = 5*r + 6 + 229, 2*r - 3*b = -98. Let f be r/(-9) + (-20)/(-90). Let c be (18/(-15))/(2/f). Determine h(c).
-8
Let m(s) = 5*s**2 - 7*s + 5. Let g(b) = 2*b**2 - 11*b - 2. Let o be g(6). Let j(t) = t**2 + 1. Let k(h) = o*j(h) - m(h). What is k(6)?
5
Let s(d) be the second derivative of d**5/20 - d**3/6 - 5*d**2 - 32*d - 3. Determine s(0).
-10
Let h = 19 + -24. Let a be -5*(-1 - 14/(-10)). Let l = h - a. Let m(r) = 4*r. What is m(l)?
-12
Let z(i) be the first derivative of i**6/120 - i**4/12 - 14*i**3/3 + 23. Let l(a) be the third derivative of z(a). Give l(2).
10
Let j(c) be the first derivative of -c**4/4 - 5*c**3/3 + 3*c**2 + 5*c - 98. Determine j(-6).
5
Let a(k) = -9*k + 2. Let h(w) be the second derivative of -w**3/3 - 6*w**2 - 4*w. Let z be h(-6). Suppose -f + z*b - 2*b = -10, -f = 5*b - 22. Give a(f).
-16
Suppose 4*s - 5 = -i - 22, i - 4*s = 23. Let c(y) = -5*y + 1 + 5*y + 7*y - 5*y. Determine c(i).
7
Suppose -9*j - 3*j + 156 = 0. Suppose -2*g = -3 + j. Let u(i) = -i**2 - 5*i + 2. Give u(g).
2
Let m(n) = n**3 - 6*n**2 + n - 3. Let l be ((-16)/(-40))/(1/15). Give m(l).
3
Let m(t) be the third derivative of t**4/24 + t**3/2 + 537*t**2. Give m(13).
16
Let l(a) = 5*a + 35. Let t be l(-8). Let s(z) = -z. Determine s(t).
5
Let p(l) = 0 - 5 - 5*l + 8*l - 1 - 7*l. Give p(-3).
6
Suppose 0*n - 3*n + 6 = 0. Let m(x) = -2*x**2 - 9*x**3 + 8*x**n + 8*x**3 + x**2 + 3 - 8*x. What is m(6)?
-9
Suppose -35 = -t + 16. Let f = -48 + t. Let i(m) = -3*m. Give i(f).
-9
Let b(s) be the first derivative of 8*s**3/3 + s**2 + s - 20. Suppose 5*i - 2*i = 0. Suppose -2*t - 27 = 5*y, -3*t + 0*y + 3*y + 12 = i. Give b(t).
7
Suppose 0*h + 8 = 4*h. Let g(t) = -5*t - t**2 - 7*t + 14*t - 1 + 4*t**h. Calculate g(-2).
7
Let p(j) = -3*j**3 - 2*j**2 - j. Suppose -4*c + 0 = -40. Suppose 0 = 2*u - 2*t + c, 3*u + 0*u = -3*t + 9. Give p(u).
2
Let b(n) = -n**2 + 8*n - 10. Let q be 264/10 - (-6)/10. Suppose 5*y + 4*w - q = 0, -3*y - 4*w + 13 = -0*w. Give b(y).
-3
Let o(m) = 2 + 6*m**2 + 9*m**2 - 13*m**2 - 4*m + 0*m. What is o(2)?
2
Let z(t) be the first derivative of -t**3/3 + 4*t**2 - 11*t + 150. What is z(7)?
-4
Suppose -11*b = -9*b - 22. Let i(p) = p - 10. Let n(j) = -3*j + 30. Let s(v) = b*i(v) + 4*n(v). Give s(5).
5
Let f(m) be the third derivative of m**4/8 + 2*m**3 + 10*m**2 - 13. Give f(-6).
-6
Let v be ((-2)/3)/(14 - 935/66). Let l(o) = -o**3 + 5*o**2 - 6*o + 8. Calculate l(v).
0
Let f = -595 + 597. Let x(w) be the third derivative of -w**6/60 + w**5/60 + w**4/8 - w**3/2 + 2*w**2. What is x(f)?
-9
Suppose 716*s + 100 = 706*s. Let t(h) = -h - 13. What is t(s)?
-3
Let y be 8 + 9/9 + -5. Let a(w) be the first derivative of w**5/60 - w**4/12 - w**3/2 - w**2 + 2. Let i(u) be the second derivative of a(u). What is i(y)?
5
Let w(z) = -z**3 - 15*z**2 - 13*z + 13. Suppose 3*d = 4*f - 50, 6*d + 3*f = 11*d + 76. Give w(d).
-1
Let k(j) be the first derivative of -j**2/2 - 2*j - 10. Determine k(-7).
5
Let q(f) = -f**3 - 4*f**2 - f + 4. Let z = -96 + 92. Calculate q(z).
8
Let t(v) be the third derivative of -v**5/30 + v**4/4 - v**3/2 - 50*v**2 - 5. What is t(4)?
-11
Let l(m) = -5 + 53*m - 14*m - 19*m - 18*m. Calculate l(-7).
-19
Let m be 3 - 1 - 4 - -14. Let l = -9 + m. Let v(b) = 3 + l*b + 0 - 4. Determine v(1).
2
Let j(n) = n**2 + 3*n + 6. Let v(d) = -2*d**2 - 8*d - 13. Let z(k) = -9*j(k) - 4*v(k). Suppose -5 - 2 = -r. Determine z(r).
-16
Let o(x) = -x**2 - 4*x. Let q be o(-3). Suppose f - 12 = -q*m - f, 0 = 5*m + 4*f - 20. Let h(r) = -r + 4*r + 2 - 2*r. What is h(m)?
6
Let v(a) = 2*a**2 - 3*a - 3. Suppose 4*y - 2 - 18 = 0. Suppose -5*d + 10 = -y*l, -5*l + d = -d + 10. Calculate v(l).
11
Let h(o) = o. Let t(v) = -3*v**2 - 91*v + 69. Let j be t(-31). Determine h(j).
7
Let n(j) = 3*j - 1. Let l = -16 + 15. Let k be (-1)/(-2)*l*-12. Let u = k + -3. Give n(u).
8
Let a(i) = 2*i + 13. Let r be 1/2 + 26/4. Let w(v) = -5*v - 26. Let u(q) = r*a(q) + 3*w(q). Let p be -13 + 19 + (-2)/4*-2. Calculate u(p).
6
Let v(w) = 5*w + 3. Let p(a) = a**3 + 16*a**2 - a - 13. Let x be p(-16). What is v(x)?
18
Let i(w) = 0*w + 7 + 3*w - 4*w. Let q(j) = -6*j + 90. Suppose -69 = -5*g - n, 3*g - 2*n - 24 = 20. Let d be q(g). What is i(d)?
1
Let o(i) be the first derivative of -5*i**4/4 + 3*i**3 + 3*i**2/2 + 6. Let x(w) = 6*w**3 - 10*w**2 - 3*w + 1. Let k(r) = 5*o(r) + 4*x(r). What is k(6)?
-14
Suppose 9*m - 318 + 291 = 0. Let i be 7/2 - 1/2. Let g(k) = -1 - k + k + i*k. Determine g(m).
8
Let c(j) = 3*j**2 - j. Let w(d) = 5*d**2 - 2*d + 1. Let k(q) = -7*c(q) + 4*w(q). Give k(4).
-16
Let j(g) = -131*g + g**2 + 44*g + 41*g + 8 + 44*g - g**3 + 9. Determine j(0).
17
Let v(f) = 54784*f - 54769*f + 31 + f**2 - 7. Calculate v(-14).
10
Let q(m) = 2*m - 5. Let s be ((-348)/(-24) - 11)*(-24)/(-14). Determine q(s).
7
Let o(q) = q**2 + 10*q - 3. Let h(f) = -f**2 + 12*f + 36. Let s be h(15). What is o(s)?
-12
Let p(c) = c + 20. Let n be (10 - (-50)/(-14)) + (-6)/14. Calculate p(n).
26
Let a(n) be the first derivative of -n**3/3 - n**2/2 - 7*n + 51. Determine a(0).
-7
Let s(n) = -2*n**3 + 17*n**2 - 6*n - 15. Let q(r) = -r**3 + 9*r**2 - 4*r - 8. Let w(x) = 7*q(x) - 4*s(x). What is w(4)?
-28
Let s(k) be the second derivative of k**4/12 - k**3 - 4*k**2 + k - 122. What is s(8)?
8
Let m be (0 - (-12)/(-10))/((-36)/90). Let w(x) = 4*x**2 - x**2 - 5*x**3 - 3*x - 9*x**m + 3 + 13*x**3. Give w(3).
-6
Let i(a) = -a**3 + 6*a**2 + 11*a - 8. Suppose 0 = -57*r + 63*r - 42. Give i(r).
20
Suppose 0 = -19*y + 3*y + 16. Let h(m) = 13*m**2 - 2*m + 1. Give h(y).
12
Let t be (-4)/(-10) + (-32)/5. Let v(q) = 211*q**3 - 2 - 70*q**3 - 6*q**2 - 67*q**3 + 1 - 75*q**3. Determine v(t).
-1
Let i(p) = -4*p**2 + 2*p - 2. Let j be (-8 - 198/(-27))*(-3)/2. Give i(j).
-4
Let l = 92 + -88. Let f(n) = 8*n + 17 - 5 - l*n**2 + 3*n**2. Calculate f(10).
-8
Suppose -5*t - 7 = 2*t. Let j be -26 + 24 + (-2)/t. Let h(i) = -i**2 - i - 3. Determine h(j).
-3
Let h = -26 + 25. Let k be (h/3)/(5/45). Let z(t) = t**3 + 3*t**2 - 2*t - 4. Calculate z(k).
2
Let r(l) = 12*l - 7184 + 7184. What is r(1)?
12
Let d(o) = -2*o**2 - 2*o + 10 + 5*o - 2*o - o. Calculate d(-3).
-8
Suppose 4*b - 3*b = -3. Let l(o) = -o**2 - 5*o - 4. Let q(s) = s. Let h(p) = -l(p) - 5*q(p). What is h(b)?
13
Let j = 5 - 1. Suppose -j*f - 15 = f. Let d = f - -4. Let o(z) = 3*z**3 + 1. Determine o(d).
4
Let n(b) be the second derivative of 15*b + 1/12*b**4 + 4/3*b**3 + 0 - b**2. Determine n(-6).
-14
Let i(b) be the second derivative of b**5/4 - 11*b**4/12 - 3*b**2/2 - 3*b. Let c(f) = 6*f**3 - 12*f**2 - 4. Let t(d) = -6*c(d) + 7*i(d). Give t(-5).
3
Let d(i) be the first 